
Calculate the greatest common divisor of 2482 and 68.
34
Calculate the greatest common divisor of 490 and 210.
70
Calculate the highest common divisor of 930 and 15.
15
Calculate the highest common factor of 35 and 15.
5
Calculate the highest common factor of 189 and 84.
21
What is the greatest common divisor of 8190 and 1456?
182
Calculate the greatest common divisor of 429 and 66.
33
Calculate the greatest common divisor of 57 and 11571.
57
What is the highest common divisor of 452 and 2599?
113
Calculate the highest common divisor of 363 and 66.
33
What is the highest common divisor of 26 and 4017?
13
Calculate the greatest common factor of 42 and 84.
42
What is the highest common divisor of 17480 and 95?
95
What is the highest common divisor of 6 and 50?
2
What is the greatest common divisor of 432 and 96?
48
What is the highest common divisor of 86 and 559?
43
What is the greatest common factor of 312 and 160?
8
Calculate the highest common divisor of 86982 and 133.
133
Calculate the greatest common divisor of 5 and 1195.
5
What is the greatest common divisor of 4 and 148?
4
Calculate the highest common factor of 34 and 33133.
17
Calculate the greatest common factor of 40 and 180.
20
Calculate the highest common factor of 689 and 39.
13
What is the highest common divisor of 6103 and 17?
17
Calculate the highest common factor of 243 and 5184.
81
What is the highest common factor of 68 and 4?
4
Calculate the greatest common divisor of 264 and 231.
33
Calculate the greatest common divisor of 3384 and 40.
8
What is the greatest common factor of 2637 and 99?
9
Calculate the highest common factor of 671 and 22.
11
Calculate the greatest common divisor of 374 and 34.
34
What is the greatest common factor of 4 and 962?
2
What is the highest common factor of 135 and 189?
27
What is the greatest common divisor of 230 and 90?
10
What is the greatest common divisor of 560 and 70?
70
What is the greatest common factor of 128 and 48?
16
Calculate the greatest common divisor of 837 and 310.
31
What is the highest common factor of 329 and 141?
47
Calculate the greatest common factor of 46 and 7958.
46
Calculate the highest common divisor of 80880 and 240.
240
Calculate the highest common divisor of 1855 and 7685.
265
Calculate the greatest common divisor of 35 and 350.
35
Calculate the highest common factor of 98 and 168.
14
What is the highest common divisor of 117 and 9?
9
What is the highest common divisor of 180 and 52740?
180
Calculate the highest common factor of 18 and 4.
2
What is the greatest common factor of 147 and 2009?
49
Calculate the greatest common factor of 2 and 4918.
2
Calculate the highest common divisor of 1507 and 187.
11
What is the greatest common divisor of 98 and 49?
49
Calculate the greatest common factor of 182 and 2275.
91
What is the highest common factor of 30 and 1695?
15
Calculate the highest common divisor of 33 and 3.
3
Calculate the highest common divisor of 2110 and 50.
10
What is the greatest common factor of 1806 and 18?
6
What is the highest common divisor of 215 and 172?
43
What is the greatest common divisor of 28 and 91?
7
What is the greatest common divisor of 295 and 472?
59
Calculate the highest common factor of 22 and 6061.
11
What is the highest common factor of 2052 and 19?
19
What is the highest common factor of 10 and 8090?
10
What is the highest common factor of 7 and 511?
7
What is the highest common divisor of 8523 and 27?
9
Calculate the greatest common divisor of 682 and 44.
22
What is the greatest common factor of 330 and 352?
22
What is the highest common divisor of 9991 and 97?
97
What is the highest common factor of 280 and 490?
70
Calculate the greatest common divisor of 3796 and 416.
52
What is the greatest common factor of 70 and 875?
35
Calculate the highest common divisor of 850 and 34.
34
Calculate the highest common divisor of 75 and 3600.
75
Calculate the highest common divisor of 43 and 1247.
43
What is the greatest common factor of 506 and 242?
22
Calculate the highest common factor of 221 and 793.
13
What is the greatest common factor of 102 and 3281?
17
What is the highest common divisor of 73 and 1168?
73
What is the greatest common divisor of 384 and 5280?
96
What is the greatest common divisor of 88 and 13288?
88
Calculate the highest common factor of 1150 and 150.
50
What is the greatest common factor of 46 and 1058?
46
What is the highest common divisor of 855 and 95?
95
What is the greatest common factor of 153 and 204?
51
What is the highest common divisor of 25 and 625?
25
What is the greatest common factor of 1520 and 240?
80
Calculate the greatest common factor of 6928 and 16.
16
Calculate the greatest common divisor of 30 and 315.
15
Calculate the greatest common factor of 4790 and 30.
10
What is the greatest common divisor of 390 and 234?
78
What is the greatest common factor of 525 and 30?
15
Calculate the highest common divisor of 4 and 100.
4
Calculate the highest common factor of 32 and 20816.
16
Calculate the highest common factor of 95 and 608.
19
What is the highest common divisor of 6 and 441?
3
Calculate the highest common divisor of 129735 and 135.
135
Calculate the highest common divisor of 236 and 8555.
59
What is the highest common divisor of 4753 and 97?
97
Calculate the greatest common divisor of 7 and 1726.
1
Calculate the highest common factor of 2630 and 150.
10
What is the greatest common factor of 429 and 33?
33
What is the greatest common divisor of 54 and 108?
54
What is the highest common factor of 875 and 70?
35
What is the highest common divisor of 28 and 92?
4
What is the highest common factor of 1209 and 689?
13
Calculate the highest common factor of 1113 and 21.
21
Calculate the highest common factor of 54392 and 104.
104
What is the greatest common factor of 6650 and 76?
38
Calculate the highest common factor of 85 and 289.
17
Calculate the greatest common divisor of 106 and 2862.
106
Calculate the highest common factor of 72 and 6984.
72
What is the greatest common divisor of 148 and 1184?
148
Calculate the highest common divisor of 440 and 55.
55
What is the highest common factor of 1469 and 339?
113
What is the greatest common divisor of 1715 and 280?
35
What is the highest common divisor of 63 and 12?
3
Calculate the highest common factor of 100 and 100.
100
What is the greatest common factor of 460 and 640?
20
Calculate the greatest common divisor of 468 and 48.
12
Calculate the greatest common factor of 25 and 50.
25
What is the highest common divisor of 45 and 15?
15
Calculate the greatest common divisor of 9 and 552.
3
What is the greatest common divisor of 264 and 60984?
264
Calculate the highest common divisor of 264 and 176.
88
Calculate the highest common factor of 11141 and 13.
13
Calculate the greatest common divisor of 600 and 420.
60
Calculate the highest common divisor of 243 and 9.
9
What is the highest common divisor of 3979 and 299?
23
What is the greatest common factor of 88 and 11?
11
Calculate the greatest common divisor of 21 and 48.
3
What is the greatest common divisor of 2 and 206?
2
What is the highest common factor of 1878 and 102?
6
What is the greatest common factor of 225 and 45?
45
Calculate the highest common factor of 23 and 3519.
23
What is the highest common factor of 427 and 61?
61
What is the highest common factor of 12 and 174?
6
Calculate the highest common factor of 34 and 14.
2
What is the greatest common divisor of 864 and 36?
36
What is the greatest common factor of 315 and 13020?
105
Calculate the highest common divisor of 13 and 4121.
13
Calculate the greatest common factor of 42 and 18.
6
Calculate the greatest common factor of 30 and 435.
15
Calculate the greatest common divisor of 176 and 154.
22
Calculate the greatest common divisor of 15604 and 376.
188
What is the highest common divisor of 1520 and 120?
40
Calculate the greatest common divisor of 2 and 359.
1
Calculate the highest common factor of 126 and 784.
14
Calculate the greatest common divisor of 412 and 20806.
206
Calculate the greatest common divisor of 127 and 7493.
127
What is the greatest common factor of 1953 and 28?
7
What is the greatest common divisor of 324 and 1332?
36
What is the greatest common factor of 78 and 897?